q - 146. Calculate the highest common factor of 45 and q.
9
Suppose 96 + 185 = -2*b + 5*z, b + 2*z + 154 = 0. Let m be (2 - 1)*(5 - b). Let k be 140/14 - -8 - 1. What is the highest common divisor of k and m?
17
Suppose -10*y = 39*y - 4263. Let s = -74 + 2. Let j = s + y. What is the highest common factor of j and 30?
15
Suppose 0*h = 5*h - 1440. Suppose 2*t = -2*t + h. Let x = 288306 + -288298. Calculate the highest common factor of t and x.
8
Let h = 1279 + -613. Suppose -3*v + h + 558 = 0. What is the greatest common factor of 24 and v?
24
Let x = 1863 - 70. Suppose 281 - x = -6*g. Calculate the greatest common divisor of g and 28.
28
Let j be 5 - (14/2 + -5). Suppose j*p - 3*l = 588, 5*p + 2*l - 775 = 219. Calculate the highest common factor of p and 18.
18
Let h(z) = 259*z + 10803. Let l be h(0). What is the highest common divisor of l and 39?
39
Let g(k) = 17*k + 3. Let r be g(6). Suppose 0 = -2*c + o + r, -2*o = -o + 5. Let j = c - 13. What is the highest common factor of j and 296?
37
Let f(t) = 3*t**2 - t - 7. Let z be f(5). Suppose 10*o = 893 + 157. What is the greatest common divisor of z and o?
21
Let i be 43112/44 + 8/44. Suppose 246*a - 242*a - i = 0. Calculate the greatest common factor of a and 98.
49
Let m = 216 + -128. Let b be ((-720)/m - -8) + 2314/22. Calculate the highest common divisor of 42 and b.
21
Let t be ((-76)/(-3))/((-50)/225*-3). Let b(d) = 10*d + 6. Let o be b(7). Calculate the greatest common divisor of o and t.
38
Let o be (-4*6/8)/(2 - 1). Let y be (o/6)/(1*3/(-2046)). What is the greatest common divisor of y and 11?
11
Suppose m = 6*m - 45. Let g(u) = 2*u**2 - 25*u + 53. Let f be g(12). Suppose -f + 47 = 6*b. Calculate the highest common divisor of m and b.
1
Suppose 0 = -4*w - 5*p + 32, 12*w - 8*w - 16 = -p. Let o be w*(68/51 - 4/(-2)). What is the highest common divisor of 85 and o?
5
Suppose 0 = 3*h + 6*h - 1296. Let a be h/2*1*(-6)/(-9). Calculate the highest common factor of a and 120.
24
Let h = 0 + 1. Let m be (-1 - h) + 16/4. Let j be (112/20)/(m/35). Calculate the greatest common factor of 28 and j.
14
Suppose 4*j + 2*c = 3462 - 450, -5*j + c + 3758 = 0. Let i = 765 - j. Calculate the highest common factor of i and 169.
13
Suppose 3*o - 7182 = -4*t, 62*t - 7176 = 58*t - 4*o. Calculate the greatest common divisor of 27 and t.
9
Let q be (-1)/(-3) + 2822/102. Suppose 0 = 7*h - 63 - q. Suppose 0 = -3*u - 3, 2*d - 43 = -3*u + 188. What is the greatest common divisor of d and h?
13
Suppose 0 = -9*l - 27*l + 8*l + 9576. Let j(v) = v**3 + 6*v**2 - 3*v + 1. Let c be j(-6). Calculate the highest common factor of c and l.
19
Let l = 37 + -40. Let u = l + 10. Suppose 5*t + 2*w = u*w + 55, 2*t - 4*w = 18. Calculate the highest common divisor of t and 26.
13
Suppose y = -y + 6, -19 = -m + 3*y. Let d be 3 + -2 + 1 - 0. Suppose 3*l + t - 41 = 86, -4*l = -d*t - 166. Calculate the greatest common divisor of l and m.
14
Let h(r) = -27*r - 501. Let z be h(-31). Calculate the highest common factor of 624 and z.
48
Suppose -8*y + 6*y + 6 = 0. Suppose 47 = y*j + k, k = -0*j - j + 17. Suppose -2*u + 30 = 4*l, 4*l - 25 = -l. Calculate the greatest common factor of u and j.
5
Suppose 0 = -0*q + 3*q + 5*d - 66, -2*q + 19 = -5*d. Let p = 133521 + -132824. Calculate the greatest common factor of q and p.
17
Suppose 43*s + 2668 = 46*s + 4*q, -2*q = 2*s - 1776. What is the greatest common divisor of s and 272?
68
Suppose -148*l + 37 = -147*l. Suppose -4*k + 5*s = -179, 4*s = -2*k + 4 + 66. Let j = k - l. Calculate the highest common factor of 4 and j.
4
Let c = -401 - -651. Let d = c + -5. Calculate the highest common divisor of 49 and d.
49
Suppose 0 = -5*n + 14*n - 162. Suppose 0 = -3*l - 3 + n. Suppose 5*q - 82 = l*b - 8*b, 4*q = -2*b + 52. Calculate the highest common factor of 17 and b.
17
Let h be 5 - (6 + 0) - -177*1. Let m = h + -119. What is the highest common divisor of 19 and m?
19
Suppose -5*x + 25 = 5*d, -d - 4*d - 3 = -2*x. Let f be ((-26)/4)/(2/(-4)). Suppose f = -s + 16. What is the highest common factor of x and s?
1
Let b = 177 - 119. Suppose 0 = w + 4*y - 36, -3*w = -0*w + 2*y - b. Calculate the greatest common divisor of w and 400.
16
Let d(n) = n**2 + 50*n + 1546. Let v be d(-118). Calculate the greatest common factor of v and 30.
30
Let k be (-1)/20 - ((-177527)/140 + -17). Calculate the highest common divisor of 90 and k.
5
Let f be 10*-1*(182/(-26) - 3). Suppose -3*p = -5*n - 4*p + 255, -3*n + 3*p + 135 = 0. What is the greatest common factor of n and f?
50
Let b = 3739 - 2963. Calculate the greatest common factor of 1261 and b.
97
Let s be 280/12*18/10*(5 - 0). What is the greatest common factor of s and 345?
15
Suppose -14*i = -7*i + 13*i. Suppose i = 2*v - 31*v + 1595. What is the greatest common divisor of v and 33?
11
Let o be 8498/11 + (-6 - 900/(-165)). What is the greatest common factor of 8 and o?
4
Let t(w) = w**3 - 20*w**2 + 104*w - 5. Let r be t(8). Calculate the highest common divisor of 18585 and r.
59
Suppose 6*o + 51 = 5*o. Let t be 6/51 - (-12)/o*-127. Calculate the greatest common divisor of 18 and t.
6
Suppose 214320 = 801*s - 611*s. What is the highest common divisor of s and 72?
24
Let z be (836/66 + -2)/(2/126). Calculate the highest common divisor of 128 and z.
32
Let o(n) = n**3 - 18*n**2 + 2*n + 2. Let y be o(15). Let t = y + 1225. What is the highest common divisor of 6 and t?
6
Let k = 9817 - 9649. What is the greatest common factor of k and 3000?
24
Let r(m) = -129*m**3 - 5*m**2 - 10*m - 6. Let g be 0 - (24/18)/((-16)/(-12)). Let j be r(g). Calculate the highest common factor of j and 72.
8
Let y = -29 - -29. Suppose 2*s + 4 - 8 = y. Suppose -2*g + 1 = 5*r - 5, r = -3*g - 4. Calculate the highest common factor of s and r.
2
Let t = -149 + 281. Let m = 43 + t. Let q be (-7)/(m/15)*-45. Calculate the highest common divisor of 54 and q.
27
Let t = -33 - -121. Suppose 102244*h - 102203*h - 1312 = 0. What is the highest common divisor of t and h?
8
Suppose 56*x = 41*x + 6075. What is the highest common factor of x and 105?
15
Suppose 19*n = -n + 40. Suppose 3*q = 2*q - 1, 4*q = -u - 7. Let y be (6/(-15))/(u/30). Calculate the highest common factor of n and y.
2
Let g = 7252 - 5994. What is the highest common divisor of g and 296?
74
Let v(y) be the first derivative of 5/2*y**2 + 1/4*y**4 - y + 20 - 4/3*y**3. Let u be v(4). Calculate the highest common factor of 133 and u.
19
Suppose 0 = 2*a + 20 - 116. Suppose -x = 3*x - 928. Suppose -42*o = -x - 20. Calculate the greatest common factor of o and a.
6
Suppose 15*g + 12958 = 53*g. Let r = -311 + g. What is the highest common divisor of r and 75?
15
Let j(g) = -74*g + 2133. Let q be j(26). What is the greatest common divisor of q and 17347?
209
Let x = 40294 - 40090. What is the greatest common factor of 756 and x?
12
Suppose -77*o - 117*o - 45*o + 18403 = 0. Calculate the greatest common factor of o and 88.
11
Suppose c = 2*n - 2030, -6*n = 3*c - 812 - 5290. Let h(z) = 3*z - 1. Let i be h(3). Calculate the greatest common divisor of i and n.
8
Let v be (-17632)/(-380) + (-3)/(-5). What is the highest common factor of 6768 and v?
47
Suppose -n - z + 41 + 136 = 0, 2*n + 5*z = 360. Calculate the highest common divisor of 240 and n.
5
Let h = 80 + -56. Suppose 0 = 1930*t - 1946*t + 6528. Calculate the greatest common divisor of h and t.
24
Let k = 26 - 18. Let x be (0*(-6)/36*3)/1. Suppose 2*y + 1677 - 1821 = x. Calculate the greatest common divisor of y and k.
8
Let w(l) = -334*l - 1418. Let j be w(-5). What is the greatest common divisor of 2163 and j?
21
Let n(f) = 2*f**2 - 16*f - 3. Let g be n(9). Suppose 0 = -5*w + g, -7*w + 5*w = 4*s - 174. What is the greatest common factor of s and 21?
21
Suppose 3352 = 7*j + j. Let t = -404 + j. What is the highest common divisor of t and 1215?
15
Let b = 154 - 107. Suppose 3*q + 272 = -5*k + 483, 2*q = -3*k + 125. What is the highest common divisor of b and k?
47
Suppose 314494 = 22*k + 10564. Calculate the highest common factor of 45 and k.
45
Let z(j) = -4*j**2 + 13*j + 14. Let a(v) = -3*v**2 + 12*v + 16. Let k(p) = 5*a(p) - 4*z(p). Let s be k(-9). Calculate the greatest common divisor of 132 and s.
33
Suppose -l - 18 = -3*s, -s + 36 = l - 3*l. Let a(u) = u**3 + 17*u**2 - 19*u + 15. Let 